r of g and r.
3
Let b = 2 + 16. Suppose 864 = 52*s - 49*s. Suppose 6*i + s = 8*i. Calculate the greatest common factor of b and i.
18
Suppose -2*j + 410 = j + q, j = 4*q + 115. Suppose -4*u - c + 60 = 0, -2*c = -2*u - 0*u + 30. What is the highest common divisor of u and j?
15
Suppose -29*w - 2760 = -33*w. What is the highest common factor of 23 and w?
23
Let m = 11 - 13. Let v be 24/(-2)*(3 + -2 + m). What is the highest common divisor of 96 and v?
12
Let v(l) = -l**2 + 26*l - 101. Let d be v(19). Calculate the greatest common factor of d and 736.
32
Suppose -5568 = 5*b - 3*b. Let u be 6/(-9) + b/(-18). Calculate the greatest common factor of u and 22.
22
Let a = -949 - -1269. Calculate the greatest common divisor of a and 512.
64
Let r = -47 + 48. Suppose -53 = -3*v + 5*q, -12 = -v + 4*q + r. Calculate the greatest common divisor of v and 7.
7
Let w(x) = -3*x**2 - 36*x + 6. Let f be w(-12). Suppose 0 = -3*r + 3 - 9. Let k be 1 + (-2)/r + 40. Calculate the greatest common divisor of f and k.
6
Suppose 16 = 4*q, -2*u + 56 = 8*q - 10*q. What is the greatest common divisor of 16 and u?
16
Suppose -2*j - 98 = -4*f - 0, 3*f = 4*j + 71. Suppose -5*y + 123 = -y - 3*d, -5*d = y - f. Calculate the highest common divisor of y and 90.
30
Let x(w) = 19*w**2 + 22*w - 7. Let d be x(4). Calculate the greatest common factor of 616 and d.
77
Suppose 3*p + 338 = 2*d, -5*d + 2*p + 230 + 626 = 0. Calculate the greatest common factor of 4 and d.
4
Let o be ((-6)/3)/((-4)/(-2 - -182)). What is the highest common factor of 135 and o?
45
Suppose -2*z - 4*s = -1118, -98*z + 95*z - 4*s = -1669. Calculate the highest common factor of z and 232.
29
Let w = 20 + -14. Let f(t) = 2*t**2 + 4*t + 4. Let l be f(-2). Calculate the greatest common factor of w and l.
2
Let p be 1/2 - (-35)/10. Suppose 4*b - 22 = -2*r + 38, 0 = 4*b + 3*r - 64. Suppose -15 = -g + b. What is the highest common factor of g and p?
4
Let b be (16/(-10))/(144/(-1800)). What is the highest common factor of 135 and b?
5
Let g(z) be the first derivative of -2*z**3/3 + 5*z**2/2 + 7*z - 2. Let l be g(3). Calculate the highest common factor of 36 and l.
4
Let i(r) = -r**2 - 19*r + 30. Let y be i(-20). Let g(p) = 69*p**2 + 1. Let w be g(1). What is the highest common factor of w and y?
10
Suppose -3 + 7 = i. Let p = -35 - -39. Suppose l = -3*l + 5*o - 4, o + 12 = p*l. Calculate the greatest common factor of i and l.
4
Let o = 22 - 15. Suppose o*i = 3*i + 336. What is the highest common divisor of 12 and i?
12
Let a = -31 - -70. Suppose -4*k = 20, -2*q = 2*k + 3*k - 1. What is the greatest common divisor of q and a?
13
Let s(i) = 2*i**2 + 3*i - 4. Let q(r) = r**3 + r - 1. Let y(a) = -q(a) + s(a). Let l be y(3). Let j = l - -12. Calculate the highest common divisor of j and 24.
6
Let c be (414/8)/(-7*(-8)/1344). Calculate the highest common divisor of 46 and c.
46
Let c(v) = -10*v**3 - v**2 - 2*v - 1. Let d be c(-1). Let x be (-3)/5 + (76/d - 1). Let y = 9 - -39. What is the greatest common factor of y and x?
6
Let j be (15/3 + 1)*8/4. Let r be 1*30*(-5)/(15/(-6)). Calculate the greatest common factor of j and r.
12
Let u(w) = w**3 + 14*w**2 - 2*w + 1. Let q be u(-14). Let j = 30 - q. Suppose -y + 1 = 3*k - j, 7 = y - 2*k. Calculate the highest common factor of 45 and y.
5
Let y(l) = -l**2 + 395*l**3 + 1 - 3 + 3 + 1. Let v be y(1). What is the highest common factor of v and 36?
36
Suppose -14*h + 9*h = -610. Let w = h + -113. Calculate the greatest common divisor of w and 2.
1
Let s be 0 - 368/(-10) - 16/20. Calculate the greatest common divisor of 120 and s.
12
Let r = 107 + -28. Suppose f - 31 = -3*h, 10 = 2*f - 3*h - r. Calculate the highest common divisor of f and 10.
10
Let w = -49 - -74. Let q be 1*w - (1 - (2 - 2)). Calculate the highest common factor of q and 32.
8
Suppose 3*a = -y + 7*a, 0 = -5*y + 2*a + 36. Suppose -84 - 44 = -2*q. What is the highest common factor of q and y?
8
Let t be -2 + 2 + 151 - 1. Suppose 15*p = 10*p + t. Calculate the highest common divisor of 6 and p.
6
Suppose -9*w + 11*w = -10, 4*k + 4*w - 540 = 0. What is the highest common factor of k and 10?
10
Let t be 39 + 1/(-1 + 2). Suppose -5*v + 800 = -210. Let z = v - 142. What is the greatest common divisor of z and t?
20
Let z(t) = 8*t**2 + 70*t - 1. Let m be z(-9). Calculate the highest common factor of 544 and m.
17
Suppose 0 = 5*c - 4*g - 2387, -3*c + 2*g + 1617 = 186. Calculate the greatest common divisor of c and 285.
95
Let k(z) = 3*z - 14. Suppose -20 = -3*a - a. Suppose -2*n = -u - 13, 0*u - a*u = 2*n - 7. Let c be k(n). Calculate the greatest common divisor of c and 6.
2
Let l be 17/((-85)/2) - 3786/(-15). What is the greatest common factor of l and 56?
28
Let k be (-305)/(-20) - 1/4. Let r(a) = a - 11. Let g be r(k). Suppose u + 3*u + 3*z = 21, g*u = -z + 31. Calculate the greatest common divisor of 9 and u.
9
Let y(q) be the second derivative of -4*q**3/3 - 6*q**2 - 6*q. Let i = 19 + -25. Let r be y(i). Calculate the highest common factor of r and 4.
4
Let j(b) = 2*b**3 - 11*b**2 - 11*b - 9 - b**3 - 2*b**3. Let z be j(-10). Let c be -1 + 12 + (-5 - -1). What is the highest common factor of z and c?
1
Let o = -36 - -38. Suppose 0 = -2*z - 10, -p + 3*z + 14 = -o*p. Calculate the highest common factor of p and 9.
1
Let u be 8 - 9/(-12)*-8 - -6. Let w(b) = -b**3 + b**2 + b - 4. Let f be w(-4). Calculate the highest common divisor of u and f.
8
Let x be -2 - 7/(7/(-20)). Suppose -5*t = -v + 90, 2*v - 6*v - 4*t + 360 = 0. Calculate the greatest common factor of x and v.
18
Let d = -46 - -54. Suppose 192 = -d*l + 12*l. Let y(a) = 2*a**2 - 7*a + 1. Let k be y(5). What is the greatest common factor of k and l?
16
Let b = 138 + -73. Let u(q) = 2*q + 4. Let m be u(-6). Let x be m/28 - (-368)/14. Calculate the highest common divisor of b and x.
13
Let n(m) = m**3 - 12*m**2 - 2*m + 7. Let y be n(13). Suppose 0 = -9*i + 4*i - y. Let a be 18/i - 216/(-10). Calculate the highest common factor of a and 42.
21
Suppose 4*z - 2*z + 172 = 0. Let j = -53 - z. Calculate the highest common factor of j and 11.
11
Suppose -z - 3*o + 2 = o, -4 = -2*z + 3*o. Suppose -z*y - 115 = -7*y. Calculate the greatest common factor of y and 23.
23
Let b(j) = 42*j**2 + 22*j + 22. Let w be b(-1). Calculate the greatest common divisor of 1190 and w.
14
Suppose -3*v + 2*r = 200, 5*r - 171 - 164 = 5*v. Let y = v - -114. Let u(g) = -g**2 - 6*g - 2. Let c be u(-4). Calculate the greatest common divisor of c and y.
6
Suppose -104 = -3*a + 121. Let p = 1 - 16. Let l = p + a. What is the highest common divisor of 20 and l?
20
Suppose 108 = -24*g + 612. Calculate the highest common factor of g and 189.
21
Let a(t) = -t**3 + 9*t**2 + 10*t + 5. Let v be a(10). Let g be 55/((-10)/(-2))*v. Calculate the highest common divisor of 11 and g.
11
Suppose -18*g + 13*g = -80. What is the greatest common divisor of 104 and g?
8
Let c = -4 - -14. Suppose -2*q - 3 = 5. Let t be ((-75)/10)/(2/q). What is the greatest common factor of t and c?
5
Suppose 4*b = -11 + 55. Let x = b + -6. What is the greatest common divisor of x and 2?
1
Suppose -7*g + 106 - 36 = 0. Let o be 5/(-25) + 272/g. Calculate the highest common factor of o and 297.
27
Let z be 180/4 + (9 - 4). Calculate the greatest common divisor of z and 150.
50
Let p = -28666 - -28679. Suppose -4*h + 143 = -377. What is the highest common factor of h and p?
13
Let p = 56 + -20. Suppose 8 = -a - 3*c + p, -4*c = 4*a - 112. What is the greatest common divisor of 7 and a?
7
Suppose -5 = 9*d - 8*d. Let u(r) = -2*r**3 - 7*r**2 + 9*r - 5. Let l be u(d). What is the highest common divisor of 100 and l?
25
Let f be -60 + 3/(9/3). Let v = f + 87. What is the greatest common factor of v and 70?
14
Let x = -1 + 8. Let j be 1166/55 - 1/5. What is the highest common divisor of j and x?
7
Let k be 54/270 + ((-39)/(-5) - -1). Let c(x) = -x**2 + 3*x - 3. Let g be c(2). Let h be (g + 11)*2 + -2. Calculate the highest common factor of k and h.
9
Let w be (-23)/(-2 + (-3)/(-2)). Suppose -k - 17 = -l + w, l = -3*k + 51. Let f be 6/(-12) - (-217)/14. Calculate the highest common divisor of l and f.
15
Let t(y) = 14*y**2 + 2*y. Let v be t(-1). Suppose -x = 3*x - v. Suppose -x*s = 3*d - 414, 4 = -0*s - 2*s. What is the highest common divisor 